8.
2, 7, 16343111
What are the prime factors of 649729981?
649729981
What are the prime factors of 84758506?
2, 7, 19, 318641
What are the prime factors of 239155529?
3767, 63487
What are the prime factors of 118610888?
2, 11, 127, 10613
List the prime factors of 589368131.
11, 29, 15269
What are the prime factors of 5200050?
2, 3, 5, 34667
What are the prime factors of 476909875?
5, 13, 293483
What are the prime factors of 57084823?
57084823
List the prime factors of 127663963.
7, 2605387
What are the prime factors of 188379845?
5, 79, 476911
List the prime factors of 738878251.
19, 3853, 10093
What are the prime factors of 1431261567?
3, 11677, 13619
What are the prime factors of 1373980823?
1373980823
What are the prime factors of 23197662?
2, 3, 23, 137, 409
List the prime factors of 485903379.
3, 13, 12459061
List the prime factors of 475740282.
2, 3, 79290047
What are the prime factors of 7798825107?
3, 866536123
What are the prime factors of 42619264?
2, 37, 8999
List the prime factors of 80094147.
3, 7, 569, 6703
What are the prime factors of 604441774?
2, 302220887
What are the prime factors of 430623459?
3, 7, 253159
What are the prime factors of 78417735?
3, 5, 11, 661, 719
List the prime factors of 311697091.
17, 47, 390109
What are the prime factors of 500631040?
2, 5, 7, 13, 307
List the prime factors of 4939824617.
7, 13, 54283787
List the prime factors of 256667539.
256667539
List the prime factors of 332710058.
2, 163, 1020583
List the prime factors of 343069453.
19, 18056287
List the prime factors of 32436957.
3, 7, 191, 8087
List the prime factors of 2514293692.
2, 12347, 50909
What are the prime factors of 457342149?
3, 11, 1013, 13681
What are the prime factors of 132542360?
2, 5, 31, 89, 1201
List the prime factors of 8397057.
3, 59, 47441
What are the prime factors of 3274794941?
11, 59, 458719
What are the prime factors of 31656614?
2, 11, 1438937
List the prime factors of 189440859.
3, 499, 126547
List the prime factors of 1821478849.
61, 29860309
List the prime factors of 74440363.
73, 1019731
List the prime factors of 186980867.
3083, 60649
List the prime factors of 46116824.
2, 13, 443431
What are the prime factors of 166083427?
19, 8741233
What are the prime factors of 3734343320?
2, 5, 93358583
What are the prime factors of 15636186?
2, 3, 289559
List the prime factors of 2817367823.
17, 19, 31, 59, 251
What are the prime factors of 8278487099?
8278487099
What are the prime factors of 1240587475?
5, 5437, 9127
What are the prime factors of 174610031?
131, 557, 2393
What are the prime factors of 58736176?
2, 109, 33679
List the prime factors of 10813909.
163, 66343
List the prime factors of 231793654.
2, 19, 59, 103387
List the prime factors of 294893132.
2, 73723283
What are the prime factors of 7473830?
2, 5, 7, 13, 43, 191
What are the prime factors of 56057490?
2, 3, 5, 622861
What are the prime factors of 293726430?
2, 3, 5, 3263627
List the prime factors of 115542968.
2, 53, 272507
What are the prime factors of 6089269?
127, 47947
What are the prime factors of 308905896?
2, 3, 13, 37, 26759
What are the prime factors of 124140370?
2, 5, 317, 39161
What are the prime factors of 39315475?
5, 17, 92507
What are the prime factors of 212195004?
2, 3, 7, 197, 12823
List the prime factors of 5140756.
2, 379, 3391
List the prime factors of 885170232.
2, 3, 67, 281, 653
List the prime factors of 4163347009.
41, 101545049
List the prime factors of 59241010.
2, 5, 797, 7433
List the prime factors of 1658218074.
2, 3, 23, 677, 17749
What are the prime factors of 1647699775?
5, 53, 1243547
What are the prime factors of 56141057?
7, 8020151
What are the prime factors of 2650649311?
8761, 302551
List the prime factors of 2791659773.
7, 398808539
What are the prime factors of 50111643?
3, 3911, 4271
List the prime factors of 40405061.
449, 89989
What are the prime factors of 723368001?
3, 241122667
List the prime factors of 447980117.
13, 34460009
What are the prime factors of 45218074?
2, 11, 2055367
What are the prime factors of 822420598?
2, 103, 3992333
What are the prime factors of 281665566?
2, 3, 7, 13, 31, 43
List the prime factors of 17809713.
3, 73291
What are the prime factors of 90165977?
11, 17, 113, 251
What are the prime factors of 77579248?
2, 131, 37013
List the prime factors of 6599413.
23, 83, 3457
What are the prime factors of 7903756?
2, 7, 439, 643
List the prime factors of 960496344.
2, 3, 421, 31687
List the prime factors of 3162060458.
2, 1559, 1014131
What are the prime factors of 32946203?
179, 184057
What are the prime factors of 206263615?
5, 31, 1330733
What are the prime factors of 2352392421?
3, 784130807
List the prime factors of 250721876.
2, 47, 127, 10501
List the prime factors of 274638118.
2, 73, 1881083
What are the prime factors of 20454051?
3, 19, 229, 1567
What are the prime factors of 208540598?
2, 7, 17, 47, 103, 181
List the prime factors of 201620329.
41, 919, 5351
What are the prime factors of 36911313?
3, 97, 42281
List the prime factors of 10435900.
2, 5, 79, 1321
What are the prime factors of 35265199?
587, 60077
List the prime factors of 136285275.
3, 5, 7, 43, 6037
What are the prime factors of 84454420?
2, 5, 4222721
What are the prime factors of 154318182?
2, 3, 107, 240371
List the prime factors of 671435214.
2, 3, 71, 1576139
List the prime factors of 226028110.
2, 5, 7, 11, 293543
What are the prime factors of 1418068724?
2, 19, 2879, 6481
List the prime factors of 140706575.
5, 1039, 5417
List the prime factors of 99990237.
3, 103, 151, 2143
List the prime factors of 1125845606.
2, 661, 851623
What are the prime factors of 86758915?
5, 17351783
What are the prime factors of 158146419?
3, 5791, 9103
List the prime factors of 322476276.
2, 3, 26873023
What are the prime factors of 379723451?
7993, 47507
List the prime factors of 53410934.
2, 347, 76961
What are the prime factors of 111204514?
2, 17, 919, 3559
List the prime factors of 4105008544.
2, 7, 13, 59, 23893
List the prime factors of 122646810.
2, 3, 5, 11, 13, 23, 113
List the prime factors of 34632082.
2, 83, 208627
What are the prime factors of 483991951?
483991951
What are the prime factors of 104922892?
2, 26230723
List the prime factors of 164417937.
3, 83, 163, 4051
List the prime factors of 405296444.
2, 7, 61, 109, 311
What are the prime factors of 80966783?
80966783
List the prime factors of 559168643.
11, 50833513
What are the prime factors of 1629329563?
5021, 324503
What are the prime factors of 1336081949?
2357, 566857
List the prime factors of 84765360.
2, 3, 5, 151, 2339
List the prime factors of 220248864.
2, 3, 11, 37, 1879
What are the prime factors of 58669694?
2, 29334847
What are the prime factors of 26229243?
3, 47, 186023
What are the prime factors of 118079824?
2, 17, 434117
What are the prime factors of 174274477?
13, 37, 41, 8837
What are the prime factors of 6894981156?
2, 3, 7, 82083109
What are the prime factors of 220674090?
2, 3, 5, 7, 13, 80833
List the prime factors of 117574463.
2029, 57947
List the prime factors of 28701207.
3, 1699, 1877
What are the prime factors of 202056155?
5, 7, 16831
What are the prime factors of 547842655?
5, 131, 181, 4621
List the prime factors of 228676978.
2, 114338489
List the prime factors of 131065550.
2, 5, 7, 11, 59, 577
What are the prime factors of 23635655?
5, 691, 6841
List the prime factors of 921713389.
19, 48511231
What are the prime factors of 386289191?
977, 395383
List the prime factors of 350174343.
3, 61, 71, 26951
List the prime factors of 65341199.
7, 11, 439, 1933
What are the prime factors of 38881807?
53, 733619
What are the prime factors of 4134015676?
2, 7, 23, 359, 17881
What are the prime factors of 32003660?
2, 5, 13, 123091
List the prime factors of 255445476.
2, 3, 11, 13, 148861
List the prime factors of 15584245.
5, 3116849
What are the prime factors of 989894011?
989894011
What are the prime factors of 255244865?
5, 73, 569, 1229
List the prime factors of 1756947157.
7, 19, 13210129
What are the prime factors of 113970079?
113970079
List the prime factors of 5273108288.
2, 7, 839, 14029
What are the prime factors of 180796339?
180796339
List the prime factors of 89329216.
2, 163, 8563
List the prime factors of 3